reatest common factor of x and 4.
4
Let m be 0 + 3 - 3 - -13. Suppose -4*v = -4*k + 56, -3*v + 4 = -7*v. What is the greatest common divisor of k and m?
13
Suppose 29 = 2*m - 3. Calculate the greatest common divisor of 2 and m.
2
Suppose -3*z - 1109 - 316 = 0. Let i be (-3)/(-9) + z/(-15). What is the greatest common factor of 80 and i?
16
Let u(b) = b - 2. Let t be u(6). Suppose -13 = -g - t. Let n be (-4)/14 - 9/(-7). Calculate the greatest common factor of g and n.
1
Let p(w) = 2*w**3 - w**2 - 7*w + 6. Let n be p(4). What is the highest common factor of n and 10?
10
Let f be (8/(-3))/((-1)/(-3)). Let b(w) = 2*w**2 + 3*w - 3. Let a be b(2). Let z = a + f. Calculate the greatest common divisor of 24 and z.
3
Let x(k) = 6*k - 22. Let o be x(17). Calculate the highest common divisor of o and 20.
20
Let x = -190 + 201. Calculate the greatest common divisor of x and 11.
11
Suppose 30 = 16*q - 6*q. Suppose 5*b - w - 121 = 0, -b + 28 = -0*b - 4*w. What is the greatest common factor of b and q?
3
Suppose 3*f = 2*f - 4*d + 3, -3*f + 3*d = -24. What is the highest common divisor of 70 and f?
7
Let g = -29 - -31. Suppose 0 = -4*v + h + 48, -3*v + 5*h + 42 = -v. Suppose -z - g = s - v, 0 = 5*z - s - 69. What is the greatest common divisor of 13 and z?
13
Let g(w) = -w + 6. Suppose -3*u = 22 - 4. Let p be g(u). Let h = 3 + 5. Calculate the greatest common divisor of p and h.
4
Let l(x) = 14*x**2 + x. Let h be l(1). Let c = -11 - h. Let p = -17 - c. What is the highest common divisor of p and 99?
9
Suppose -900 = -9*h + 4*h. Let g be h/16*2*2. Calculate the greatest common factor of 15 and g.
15
Suppose 0*t = -5*t + 75. What is the greatest common factor of t and 15?
15
Suppose -157 = -3*c + 95. Calculate the greatest common factor of c and 21.
21
Let y = -32 - -36. What is the greatest common divisor of 44 and y?
4
Suppose 2*f - 320 = -2*y, 158 = y - 0*f + 2*f. Calculate the greatest common divisor of 18 and y.
18
Suppose 0 = -5*u + 17 + 203. Calculate the greatest common divisor of 110 and u.
22
Suppose -60 = -5*x + 5*p, -2*x + 8 = -p - 16. Calculate the greatest common divisor of 6 and x.
6
Let x be (4/(-10))/((-1)/60). Let t be 1/5 + 39/5. Calculate the highest common factor of t and x.
8
Let s be 1 - 2*(-1 - 1). Let x = -43 - -98. Calculate the greatest common divisor of s and x.
5
Let o(h) = -h**2 + 5*h - 2. Let t be o(3). Suppose t*c - 1 = 7. Suppose -5*y + 2*l + 67 = 0, -c*l - 1 = -9. What is the highest common factor of y and 45?
15
Let p(a) = a**2 + 4*a - 1. Let v be p(-5). Let s(z) = z**2 - 3*z - 3. Let d be s(v). What is the highest common factor of d and 1?
1
Let y(z) = -5*z + 0*z - z - z - 5. Let l be y(-2). Calculate the greatest common factor of l and 1.
1
Suppose -256 = -5*d + d. Let r be 5*(-21)/5*-1. Let b = r - 13. What is the greatest common factor of b and d?
8
Let u(s) = -4 + 5 + 6 + 3 + 2*s. Let o be u(10). Calculate the greatest common factor of o and 45.
15
Let r(a) be the first derivative of a**3/3 - 3*a**2 + 6*a - 2. Let p be r(6). Let h be 1/(-2) - (-340)/8. What is the greatest common divisor of h and p?
6
Let g(h) be the first derivative of h**3/3 - 3*h**2 - 5*h + 1. Let f be g(7). Suppose -f*s = -6*s + 96. What is the highest common divisor of s and 12?
12
Let p = -2 - -4. Suppose 480 = 4*s - p*w, -3*w = -2*w - 2. What is the greatest common factor of s and 11?
11
Let t(n) = 6*n + 1. Let m be t(2). Let l = 24 - m. Let a be (154/4)/((-1)/(-2)). Calculate the greatest common factor of a and l.
11
Let u(f) = -f**2 - 5*f + 9. Let k be u(-5). What is the highest common factor of 9 and k?
9
Suppose -5*q - 3 = k + 12, -3*q = -2*k - 4. Let z be (-1*(1 - 1))/q. Let o be -80*(6/(-15) - z). What is the highest common divisor of o and 8?
8
Let r = 3 + 150. Suppose -k = k + 3*u - r, -5*k = -u - 408. What is the highest common factor of k and 9?
9
Let j(n) = 52*n**2 - 4*n + 3. Let m be j(2). Suppose -21*q + 19*q = -58. Calculate the highest common factor of m and q.
29
Suppose 26 = 5*m - 3*m + 2*r, r + 21 = m. Suppose 170 - 17 = 3*y. Calculate the greatest common factor of m and y.
17
Suppose 4*l + 135 = 5*l. Let w be ((-8)/(-5))/(3/l). Calculate the highest common divisor of w and 8.
8
Suppose 0 = -4*d + 1087 - 7. Suppose -2*x - x = -d. Let k = 33 - -3. Calculate the greatest common factor of x and k.
18
Suppose 9*u = 3*u + 36. What is the greatest common divisor of 24 and u?
6
Suppose 6 = -5*a + 61. Let i(k) = -k + 14. Let j be i(a). Suppose 2*u - 101 = -2*u + f, -5*f = 25. What is the greatest common divisor of u and j?
3
Let y(j) = -3*j**2 - 3*j + 2. Let z(s) = 10*s**2 + 9*s - 7. Let u(m) = -7*y(m) - 2*z(m). Let x be u(-5). What is the highest common factor of 100 and x?
10
Let k = -10 + 27. Calculate the highest common divisor of 85 and k.
17
Suppose 1 = -2*d + 225. Calculate the greatest common factor of 14 and d.
14
Let l(v) = -9*v**3 - 3 + v + 6 - 2. Let s be l(-1). Suppose 5*f + 25 = 3*d + 8, f = 4*d - 34. Calculate the greatest common factor of s and d.
9
Let k(t) be the third derivative of t**5/30 + t**4/8 + t**3/2 - t**2. Let r be k(-2). What is the greatest common divisor of r and 10?
5
Let c be 1/(8/(-8) + (-3)/(-2)). Calculate the greatest common divisor of c and 9.
1
Let r = 40 + -23. Suppose f = -0*f + 153. What is the greatest common factor of f and r?
17
Let o = -26 - -56. Let d(m) = m**2 - 6*m + 3. Let t be d(6). Suppose -t*x = 2*x - 30. Calculate the highest common divisor of x and o.
6
Suppose -4*d - j = -57, -110 + 38 = -5*d - j. What is the greatest common factor of d and 5?
5
Let w be 260/12 - (-2)/6. Let n be 2/(-11) + 168/77. What is the greatest common factor of n and w?
2
Suppose -5*m = -3*g - 144, 4 = -0*g + 2*g. Suppose m + 194 = 4*y. Let l = 3 - -11. What is the highest common factor of y and l?
14
Suppose -s + 4 = 5*a, -s = -2*s - 2*a + 4. Let w(d) = d**3 - 4*d**2 + 5*d - 10. Let i be w(s). Calculate the highest common factor of 30 and i.
10
Let q(n) = -21*n - 1. Let i be q(-1). Let g = i + -2. Let j(x) = 3*x. Let z be j(2). What is the highest common factor of g and z?
6
Let k = 5 + 0. Let d be ((-6)/(-4))/((-7)/(-210)). What is the highest common factor of k and d?
5
Let q = 5 + 22. Calculate the highest common factor of q and 243.
27
Let f = -160 - -89. Let d = -43 - f. What is the greatest common divisor of 42 and d?
14
Let j = 93 + -56. Let w = j - 19. Calculate the greatest common divisor of w and 54.
18
Let d be 2/8 + (-155)/(-20). Suppose -4*g + 2 = -6, -5*v + 86 = 3*g. What is the highest common divisor of d and v?
8
Let j be (0 - (-2 + -1))*3. Calculate the greatest common factor of j and 27.
9
Suppose -3536 = -4*p - 4*y, -6*y + 2*y = 0. Let i be p/7 - 6/21. Calculate the highest common divisor of 14 and i.
14
Suppose -a = -4*x + a + 8, -a + 16 = 3*x. Suppose x*l - 10 = 6. Suppose -2*i - 2*i + 77 = g, 233 = l*g + i. What is the highest common divisor of 38 and g?
19
Suppose 2*f = 4*n - 15 + 55, f = -5*n - 50. Let c = n - -2. Let p be 12/c - (-13)/2. What is the highest common factor of 5 and p?
5
Suppose 0 = -2*j + 6*j + 2*u - 22, j - 3 = -u. Suppose 7*v = 6*v + j. Calculate the greatest common factor of v and 1.
1
Let g(v) = 17*v + 1. Let w be g(1). Let h be (w/(-3))/(6/(-21)). Suppose -4*a + 5*a - h = 0. Calculate the greatest common factor of a and 3.
3
Let z(u) = 10*u + 5. Let n(s) = -7*s - 3. Let o(b) = 8*n(b) + 5*z(b). Let w be o(-1). Calculate the highest common factor of 49 and w.
7
Let v(d) = -d**3 - 13*d**2 + 14*d + 2. Let l be v(-14). Let p be l/(-11) + (-1596)/(-66). What is the greatest common divisor of p and 4?
4
Let g(t) = t**2 + 4*t + 13. Let f be g(-5). Calculate the greatest common factor of f and 162.
18
Let w = 11 + 13. Calculate the highest common factor of w and 8.
8
Suppose -p + 31 = 3*l - 0*p, -3*l + 3*p = -15. Let b(o) = -o**2 - 11*o - 7. Let h be b(-10). What is the highest common factor of l and h?
3
Let h = 118 - 99. What is the greatest common factor of h and 190?
19
Suppose 0*m = -5*m + 20. What is the greatest common factor of 6 and m?
2
Suppose 0 = -0*d + d - 5*z - 21, -31 = -2*d - z. Suppose 0 = 2*g - 169 + 41. Calculate the highest common divisor of d and g.
16
Let v(m) = 90*m**3 - 3*m**2 + m. Let o be v(1). Calculate the highest common divisor of 11 and o